98 = 3*h + l, -d*l + 1066 = 4*h. Calculate the remainder when h is divided by 38.
37
Suppose 738 = 36*g - 1998. Calculate the remainder when 1439 is divided by g.
71
Let d(i) = 2*i**3 + 12*i**2 + 11*i + 11. Let n be d(-5). Calculate the remainder when n/(-6) - (-14)/2 is divided by 1.
0
Let r be 9/((-9)/38) - (6 - 3). Let a = 23 - r. What is the remainder when a is divided by 14?
8
Let g(w) = w**2 - 15*w + 15. Let j(c) be the third derivative of c**4/8 + c**3/3 + 26*c**2. Let b be j(5). Calculate the remainder when g(b) is divided by 17.
15
Let c = -274 - -607. Let b(i) = -25*i - 178. Let z be b(-15). Suppose 217*k - 1340 = z*k. Calculate the remainder when c is divided by k.
65
Let s(q) = -97*q + 3163. What is the remainder when 152 is divided by s(32)?
34
Let z = -13 - -12. Let v(c) = 42*c**2 - 3*c - 2. Let k be v(z). What is the remainder when -1 + -3 + k + -6 is divided by 9?
6
Let x(f) = 563*f**3 - 2*f**2 + 3*f + 2. Let k be x(-1). Let r = -399 - k. Calculate the remainder when r is divided by 36.
23
Suppose 16*c + 1768 = 20*c. Let y be 12/(c/110 - 4). Suppose -10*r + y = r. What is the remainder when r is divided by 11?
5
Let d = 25 - 0. Suppose 4*q - 4 = y + 4*y, -3*y + 12 = 0. Suppose f - 10 = c + q, 0 = -f + 2*c + 19. What is the remainder when d is divided by f?
12
Let y = -4734 + 4827. What is the remainder when y is divided by -1 + 23 + 45/15?
18
Let l = 2 - 0. Let t(h) = 2*h**2 + 37*h + 167. What is the remainder when t(-11) is divided by l?
0
Let n = 73 + -35. Let x = n - 42. Calculate the remainder when (5 - -3)*(-46)/x is divided by 16.
12
Let g = 3 + 8. Suppose z - 4*v = 55 + 16, 6*v - 1 = -z. What is the remainder when z is divided by g?
10
Calculate the remainder when (-133*(-16)/(-448))/(3/(-180)) is divided by 40.
5
Suppose -i = 3*q + 72 + 35, 5*q = -4*i - 176. What is the remainder when q*737/(-220) - 6/10 is divided by 63?
57
Suppose -5*u - n + 451 = 0, 2*n = -2*u + 3*n + 179. What is the remainder when u is divided by 2520/160 + (-208)/(-64)?
14
Let g = 4080 + -3964. Calculate the remainder when 6611 is divided by g.
115
Let m(h) = -5*h + 45. Let r be m(6). Suppose -2*f = 5*o - 0*f + r, -12 = 4*o - 4*f. What is the remainder when 43 is divided by (-6*1/8)/(o/60)?
13
Let q = -2420 + 1607. What is the remainder when (22/(-4))/(1/(-6)) is divided by (-2 - q/39) + (-2)/(-13)?
14
Let f(p) = -425*p - 287. Suppose -m + 30 = 2*m. What is the remainder when f(-1) is divided by m?
8
Let o = 24 + 3. Suppose -o*y = -20*y - 749. What is the remainder when y is divided by 56?
51
Let l = -5583 + 6256. What is the remainder when l is divided by 99?
79
Let v = 1762 + -1380. What is the remainder when v is divided by 117?
31
Suppose a = 3*b + 38, 5*b - a - 4*a + 50 = 0. Let s = -16 - b. Calculate the remainder when 29 is divided by (1*-12)/(12/9 + s).
11
Let o(v) = -5*v + 72. Let q be o(14). Suppose -385 = -q*g - 3*g. What is the remainder when g is divided by 16?
13
Let v = -8721 - -9478. What is the remainder when v is divided by 29?
3
Suppose -4*y + 3*o = -58, -6*o + 55 = 5*y - o. Let t(l) = 3 + l**3 + y*l**2 + 0 + 17 - 30*l - 6*l. Calculate the remainder when t(-15) is divided by 16.
14
Suppose 72380 = 12*q + 19808. Suppose 0 = 12*c - 25*c + q. What is the remainder when c is divided by 13?
12
Let k = 345 + -340. Suppose 4*d - k*r - 120 = -0*d, -5*r + 150 = 5*d. Calculate the remainder when d is divided by 18.
12
What is the remainder when 3239 is divided by ((-129)/(-9) - (-14)/21)/(1/3)?
44
Let n = 7 - 43. Let u = 112 + n. Suppose -5*k = -2*k - 39. What is the remainder when u is divided by k?
11
Calculate the remainder when 291 is divided by (-18620)/1140*(-1 + 4/(-2)).
46
Let w(n) = n**3 - 38*n**2 + 38*n - 34. Let k be w(37). Suppose -5*z + 120 = -5*y, -4*z - k*y - 24 = -99. What is the remainder when 75 is divided by z?
12
Let k be -178*(63/(-14))/(-9). Let o = -53 - k. Calculate the remainder when 137 is divided by o.
29
Suppose -t + 5 = 4*t. Let a = 187 + -142. Calculate the remainder when a is divided by (289/34)/(t/2).
11
Suppose -3*l = 3*n + 150, 2*n - 2*l = 24 - 104. Let o = n - -48. Suppose -3*s + 6*s = o*c + 18, 6 = 2*s + 4*c. What is the remainder when 18 is divided by s?
3
Let y = 266097 - 266083. Let o = 93 + 172. Calculate the remainder when o is divided by y.
13
Let l = 25419 - 24492. What is the remainder when l is divided by 93?
90
Let g(u) = -34. Let a(c) = c - 69. Let t(z) = 2*a(z) - 5*g(z). Let m = -341 + 330. What is the remainder when 19 is divided by t(m)?
9
Let v = -4980 + 5687. Calculate the remainder when v is divided by 179.
170
Let t(j) = j**3 + j**2 + j. Suppose 0 = -3*o + 4*k + 125, 4*o + k - 170 = -o. Calculate the remainder when t(4) is divided by o.
14
Let f = 30439 + -30354. What is the remainder when 1384 is divided by f?
24
Let i(d) = -2*d**2 + 240*d + 1264. What is the remainder when 2825 is divided by i(125)?
11
Suppose -1252 = -70*c + 568. Calculate the remainder when 1287 is divided by c.
13
Suppose 13*t + 7647 = 15140 + 7626. Calculate the remainder when t is divided by 22.
19
Suppose 2*n + 4 - 8 = 0, -5*o + 22 = -4*n. Suppose -95 = o*b - 1397. What is the remainder when b is divided by 44?
41
Let n(t) = t**2 - 5*t - 484. What is the remainder when 415 is divided by n(25)?
15
Let f(p) = -p**3 + 24*p**2 + 20*p - 19. Let b be f(25). What is the remainder when (-6)/(-8) + (-16596)/b is divided by 20?
16
Suppose 26*x = x - 18*x + 81829. Calculate the remainder when x is divided by 83.
77
Let u = 104 + -101. Let m be (3 - u)*(-7)/14. Suppose 7*l - 11*l + 120 = m. Calculate the remainder when 118 is divided by l.
28
Suppose 10*d - 39*d + 1911 = 10*d. What is the remainder when 1959 is divided by d?
48
Suppose 0 = -27*j + 18597 - 3936. What is the remainder when j is divided by 24?
15
Let l be 120/35 - (10/7 + -1). Suppose 5*f + 60 = 5*r, -l*r = -2*f - 18 - 21. Calculate the remainder when 60 is divided by r.
0
Let f be ((-3 + (-15)/(-6))*0)/1. Suppose f = -5*j + 59 - 4. What is the remainder when j is divided by 3?
2
Let a(n) = -n**2 + 58*n - 156. Suppose 3*d - 4*o + 6 = 0, 1 = 2*d - 4*o + 9. What is the remainder when a(3) is divided by d - (-1 + 4/(-2))?
4
Let t(u) = 7*u**2 + 7*u + 7. Let w = 150 - 151. What is the remainder when (-9)/3 - -34 - -1 is divided by t(w)?
4
Suppose 156*j - 75802 = 53990. Calculate the remainder when 1671 is divided by j.
7
Suppose -27*w + 17 = -10*w. Calculate the remainder when 2 is divided by (2 - w)/(10 + -6 - 3).
0
Let k = 3041 + -2881. What is the remainder when k is divided by 133?
27
Let f(l) = -l**3 + 10*l**2 + 3*l - 28. Let m be f(10). Suppose -222 - 278 = -m*i. What is the remainder when i is divided by 64?
58
Let v(o) = -14*o - 423. Suppose 0 = -5*j + j. Suppose -3*p - l + 131 = j, 134 = 3*p - 5*l + 3*l. What is the remainder when p is divided by v(-32)?
19
What is the remainder when 4957 is divided by 6/(-210)*-21 - (-2001)/15?
133
Let q(s) = s**2 + 10*s - 19. Let n(o) = 3*o**3 + 4*o**2 + 6*o + 6. Let i be n(-2). What is the remainder when 70 is divided by q(i)?
33
Suppose 19*r + 7640 = -r. Let u = -83 - r. Calculate the remainder when u is divided by 75.
74
Let j(x) = x**3 + 20*x**2 - 160*x - 90. What is the remainder when 448 is divided by j(-26)?
0
Calculate the remainder when 14563/9 + (-39)/351 is divided by 60.
58
Suppose -6*v - 1493 = 5*h - 4*v, 0 = 2*h + v + 597. Let d = -296 - h. What is the remainder when 93 is divided by d?
0
Suppose 2*h = 5*p + 5*h + 16, -4 = 2*h. Let y = p + 3. What is the remainder when 19 is divided by (2 - y)*8/1?
3
Suppose -3*k + 8*k + 10*k = 0. Suppose 2*i + 3*i - 150 = k. Suppose -i = 8*q - 150. Calculate the remainder when 71 is divided by q.
11
Let k = 5132 - 5135. Let o(r) be the first derivative of -r**2 + 9*r + 2. What is the remainder when 86 is divided by o(k)?
11
Let l = 29444 - 29408. What is the remainder when 1281 is divided by l?
21
Suppose m + 0*m = 52. Let b(v) = 159*v - 50239. What is the remainder when b(317) is divided by m?
8
Suppose -61*y + 891 + 1363 = -38*y. What is the remainder when 422 is divided by y?
30
Let r(x) = x - 3. Let k = -31 + 35. Suppose -66 = -2*a - 2*a + 3*l, 0 = 5*a + k*l - 98. What is the remainder when a is divided by r(6)?
0
Suppose k - p = -205, -12*p = -4*k - 7*p - 815. L